e?
True
Is 421219 composite?
True
Is 256391 a composite number?
False
Is 72983 a composite number?
True
Is 3643 prime?
True
Is 149293 a prime number?
False
Is 9806 prime?
False
Is 436927 composite?
True
Is 4771 a composite number?
True
Is 37483 prime?
True
Is 1465637 composite?
False
Is 40861 composite?
True
Is 261553 a composite number?
True
Is 34823 a prime number?
False
Is 413 a prime number?
False
Is 34337 composite?
False
Is 9733 composite?
False
Is 56237 prime?
True
Is 399269 composite?
True
Is 174695 composite?
True
Is 27123 prime?
False
Is 10427 a prime number?
True
Is 84947 composite?
False
Is 242051 a composite number?
True
Is 7151 prime?
True
Is 223 a composite number?
False
Is 1847 a prime number?
True
Is 297643 composite?
True
Is 1541 prime?
False
Is 22439 composite?
True
Is 12323 a composite number?
False
Is 707711 composite?
False
Is 5359 composite?
True
Is 48109 a composite number?
False
Is 424313 composite?
False
Is 7891 a composite number?
True
Is 3949 prime?
False
Is 9383 prime?
False
Is 28163 prime?
True
Is 920765 composite?
True
Is 4341 composite?
True
Is 21059 a composite number?
False
Is 41487 prime?
False
Is 22501 a prime number?
True
Is 98405 composite?
True
Is 1040339 prime?
True
Is 19137 prime?
False
Is 16183 a prime number?
True
Is 117905 composite?
True
Is 332065 composite?
True
Is 208309 a prime number?
True
Is 12721 composite?
False
Is 635 prime?
False
Is 62119 composite?
False
Is 135853 a composite number?
True
Is 2342657 a composite number?
False
Is 26327 a prime number?
False
Is 12115 composite?
True
Is 5209 prime?
True
Is 43843 a prime number?
False
Is 1797 prime?
False
Is 5623 a prime number?
True
Is 6595 a prime number?
False
Is 371171 a prime number?
False
Is 66137 a composite number?
False
Is 20543 a composite number?
False
Is 18299 a prime number?
False
Is 86689 a prime number?
True
Is 12031 a prime number?
False
Is 163109 a composite number?
False
Is 398291 a prime number?
False
Is 76771 composite?
False
Is 3761 prime?
True
Is 7631 a composite number?
True
Is 5389 composite?
True
Is 775259 composite?
False
Is 1094615 prime?
False
Is 28415 prime?
False
Is 40583 composite?
False
Is 397517 composite?
False
Is 332967 a composite number?
True
Is 42479 a prime number?
False
Is 19373 prime?
True
Is 1005577 a composite number?
True
Is 1961 a prime number?
False
Is 4049 a prime number?
True
Is 1552897 a prime number?
False
Is 175107 a prime number?
False
Is 200189 a composite number?
True
Is 2705 a composite number?
True
Is 28697 a composite number?
False
Is 164413 prime?
True
Is 497867 a composite number?
False
Is 877 a composite number?
False
Is 60757 a composite number?
False
Is 17287 composite?
True
Is 1649 a composite number?
True
Is 613 a prime number?
True
Is 786797 a prime number?
False
Is 49523 a composite number?
False
Is 166013 composite?
False
Is 6617 a prime number?
False
Is 2483 composite?
True
Is 35954 composite?
True
Is 762187 composite?
False
Is 253769 a prime number?
True
Is 254573 a prime number?
False
Is 8529 composite?
True
Is 17965 a composite number?
True
Is 17159 prime?
True
Is 173573 a composite number?
False
Is 141029 prime?
False
Is 60506 a prime number?
False
Is 397 a prime number?
True
Is 60035 composite?
True
Is 15823 a composite number?
False
Is 2200957 composite?
True
Is 46003 composite?
True
Is 2267 a prime number?
True
Is 8329 a composite number?
False
Is 57185 a prime number?
False
Is 506063 a composite number?
True
Is 6487 a prime number?
False
Is 630737 prime?
True
Is 64654 a prime number?
False
Is 382541 composite?
False
Is 26339 composite?
False
Is 21178 prime?
False
Is 6197 prime?
True
Is 10577 a prime number?
False
Is 196247 a composite number?
False
Is 1177 prime?
False
Is 44815 composite?
True
Is 55379 prime?
False
Is 42241 a composite number?
True
Is 23347 a prime number?
False
Is 29509 composite?
True
Is 11959 prime?
True
Is 1698757 a prime number?
False
Is 3047 prime?
False
Is 25511 prime?
False
Is 4201 prime?
True
Is 25087 a composite number?
False
Is 51955 composite?
True
Is 9041 a prime number?
True
Is 31631 composite?
True
Is 3433 a prime number?
True
Is 768917 a prime number?
False
Is 180211 prime?
True
Is 435631 a prime number?
False
Is 541 a composite number?
False
Is 84841 a prime number?
False
Is 84101 a composite number?
True
Is 32087 prime?
False
Is 1157 composite?
True
Is 3163 a prime number?
True
Is 12778 a prime number?
False
Is 3641 composite?
True
Is 815699 prime?
False
Is 14614 prime?
False
Is 5855 prime?
False
Is 200047 prime?
False
Is 2654879 composite?
False
Is 89 prime?
True
Is 13173 prime?
False
Is 37847 composite?
False
Is 27229 a composite number?
True
Is 26869 a composite number?
True
Is 75711 a prime number?
False
Is 1319 a composite number?
False
Is 137719 prime?
False
Is 33503 a composite number?
False
Is 472431 composite?
True
Is 23223 prime?
False
Is 30017 a prime number?
False
Is 125129 prime?
False
Is 2923 prime?
False
Is 10743 prime?
False
Is 733345 a prime number?
False
Is 228314 a prime number?
False
Is 187041 a composite number?
True
Is 165143 a prime number?
False
Is 25427 prime?
False
Is 774569 prime?
False
Is 2331967 a composite number?
True
Is 435781 a prime number?
False
Is 5141 composite?
True
Is 34187 a prime number?
False
Is 124211 a composite number?
True
Is 10843 a composite number?
True
Is 302143 composite?
False
Is 18929 composite?
True
Is 580717 composite?
False
Is 87583 a prime number?
True
Is 1961 a prime number?
False
Is 31621 a composite number?
True
Is 369647 a composite number?
False
Is 3163 a composite number?
False
Is 889879 prime?
True
Is 240167 a prime number?
False
Is 164909 a prime number?
False
Is 42899 a composite number?
False
Is 3427 composite?
True
Is 21005 a composite number?
True
Is 29789 prime?
True
Is 25439 a composite number?
False
Is 488041 prime?
False
Is 88923 a composite number?
True
Is 11617 a composite number?
False
Is 79979 a composite number?
False
Is 1150403 a composite number?
False
Is 12333 prime?
False
Is 1109021 composite?
False
Is 655687 a prime number?
True
Is 9935 composite?
True
Is 9983 composite?
True
Is 12263 a composite number?
False
Is 2707 prime?
True
Is 62851 a composite number?
False
Is 14809 a prime number?
False
Is 59987 composite?
True
Is 234901 a composite number?
True
Is 66637 a composite number?
True
Is 8023 a composite number?
True
Is 17783 a prime number?
True
Is 20369 prime?
True
Is 1039931 composite?
False
Is 17635 prime?
False
Is 1584389 a composite number?
False
Is 1294 a prime number?
False
Is 1013371 a prime number?
False
Is 24371 a prime number?
True
Is 34583 a prime number?
True
Is 173081 a prime number?
True
Is 411359 a prime number?
False
Is 400039 prime?
False
Is 94241 a prime number?
False
Is 91 a prime number?
False
Is 85873 a prime number?
False
Is 3433 prime?
True
Is 665443 prime?
False
Is 59567 a prime number?
True
Is 18661 composite?
False
Is 95005 a prime number?
False
Is 3629 composite?
True
Is 115 a composite number?
True
Is 2101 prime?
False
Is 49991 a prime number?
True
Is 11303 a composite number?
True
Is 19657 prime?
False
Is 5342 prime?
False
Is 1571 composite?
False
Is 13267 a prime number?
True
Is 26651 a prime number?
False
Is 19661 prime?
True
Is 592691 prime?
False
Is 258803 a prime number?
True
Is 33107 prime?
True
Is 1039 composite?
False
Is 20543 a composite number?
False
Is 70922 composite?
True
Is 1361 composite?
False
Is 71633 composite?
False
Is 44351 a composite number?
False
Is 751 composite?
False
Is 97771 a prime number?
True
Is 384359 prime?
True
Is 213713 composite?
False
Is 4919 a prime number?
True
Is 4579 a prime number?
False
Is 616498 a prime number?
False
Is 223 prime?
True
Is 6347 prime?
False
Is 7555 composite?
True
Is 1163 composite?
False
Is 651983 a prime number?
False
Is 6163 composite?
False
Is 42239 a prime number?
True
Is 106103 prime?
True
Is 1399 composite?
False
Is 45959 a composite number?
False
Is 39529 prime?
False
Is 58991 a prime number?
True
Is 7249 a composite number?
True
Is 750089 a prime number?
False
Is 2579 prime?
True
Is 14447 prime?
True
Is 305 a composite number?
True
Is 540959 a prime number?
False
Is 13171 prime?
True
Is 18771 composite?
True
Is 19661 a composite number?
False
Is 1540